{"id":23060,"date":"2020-12-20T06:15:34","date_gmt":"2020-12-20T11:15:34","guid":{"rendered":"https:\/\/lavendi.xyz\/zazil\/producto\/noches-de-xibalba\/"},"modified":"2025-08-14T14:34:20","modified_gmt":"2025-08-14T20:34:20","slug":"noches-de-xibalba","status":"publish","type":"product","link":"https:\/\/lavendi.xyz\/zazil\/reservaciones\/noches-de-xibalba\/","title":{"rendered":"Xibalb\u00e1 con comida"},"content":{"rendered":"<p><span style=\"font-weight: 400;\">La experiencia al Inframundo Maya es un recorrido guiado personalizado que incluye gratis de mi\u00e9rcoles-lunes la Ceremonia Maya.<\/span><\/p>\n<p><span style=\"font-weight: 400;\">En esta experiencia podr\u00e1s disfrutar de un recorrido guiado por un lugar lleno de historia, donde ocurrieron grandes acontecimientos de la cultura maya donde las piedras cuentan su historia, conocer\u00e1s parte de la Mitolog\u00eda Maya a trav\u00e9s de la Leyenda de Xibalb\u00e1 y sus 9 niveles al Inframundo Maya en compa\u00f1\u00eda de nuestro gu\u00eda,\u00a0 despu\u00e9s bajar\u00e1s al\u00a0 octavo y noveno nivel del Inframundo Maya, en el que, podr\u00e1s sumergirte en aguas cristalinas de un cenote sagrado.<\/span><\/p>\n<p><span style=\"font-weight: 400;\">Para complementar la Experiencia realizamos la comida o Cena en nuestro comedor Maya o alrededor de una fogata, la comida es de 3 tiempos (entrada-plato fuerte- postre) todo muy t\u00edpico de la regi\u00f3n cocinado en forma tradicional a la le\u00f1a y muy org\u00e1nico, con tortillas hechas a Mano al momento, NO INCLUYE BEBIDAS.<\/span><\/p>\n<p>&#8211; <em>Si se requiere transportaci\u00f3n, la salida es desde la ciudad de Valladolid.<\/em><\/p>\n","protected":false},"excerpt":{"rendered":"<p style=\"text-align: justify;\">Recorrido todos los d\u00edas en los horarios: <b>15:00 hr, 17:00 hr y 19:00 hr.<br \/>\n<\/b><\/p>\n<p style=\"text-align: justify;\">Recorrido con COMIDA INCLUIDA<\/p>\n<p style=\"text-align: justify;\">Para vivir la Experiencia los EXPLORADORES deben realizar su reservaci\u00f3n, cada recorrido es de grupos m\u00e1ximos de 20 personas, que permitir\u00e1 vivir y disfrutar el recorrido, as\u00ed como nadar en nuestro Cenote de aguas poco profundas, en un ambiente de exclusividad<\/p>\n<p style=\"text-align: justify;\"><b>TIPS:<\/b><br \/>\n-Zapatos o sandalias para agua<br \/>\n-Toallas<br \/>\n-Repelente y bloqueador Biodegradable<br \/>\n\u2013 No se permite Introducir: Alimentos y Bebidas<\/p>\n<p>&#8211; Si se requiere transportaci\u00f3n, la salida es desde la ciudad de Valladolid<\/p>\n","protected":false},"featured_media":39838,"comment_status":"closed","ping_status":"closed","template":"","meta":{"_kad_blocks_custom_css":"","_kad_blocks_head_custom_js":"","_kad_blocks_body_custom_js":"","_kad_blocks_footer_custom_js":"","_joinchat":[]},"product_brand":[],"product_cat":[26],"product_tag":[],"class_list":{"0":"post-23060","1":"product","2":"type-product","3":"status-publish","4":"has-post-thumbnail","6":"product_cat-experiencias","8":"first","9":"instock","10":"virtual","11":"sold-individually","12":"taxable","13":"purchasable","14":"product-type-booking"},"yoast_head":"<!-- This site is optimized with the Yoast SEO Premium plugin v22.8 (Yoast SEO v25.6) - https:\/\/yoast.com\/wordpress\/plugins\/seo\/ -->\n<title>Xibalb\u00e1 con comida - Zazil Tunich - Cenote mas Premiado de Yucat\u00e1n<\/title>\n<meta name=\"robots\" content=\"index, follow, max-snippet:-1, max-image-preview:large, max-video-preview:-1\" \/>\n<link rel=\"canonical\" href=\"https:\/\/lavendi.xyz\/zazil\/reservaciones\/noches-de-xibalba\/\" \/>\n<meta property=\"og:locale\" content=\"es_MX\" \/>\n<meta property=\"og:type\" content=\"article\" \/>\n<meta property=\"og:title\" content=\"Xibalb\u00e1 con comida\" \/>\n<meta property=\"og:description\" content=\"Recorrido todos los d\u00edas en los horarios: 15:00 hr, 17:00 hr y 19:00 hr.  Recorrido con COMIDA INCLUIDA Para vivir la Experiencia los EXPLORADORES deben realizar su reservaci\u00f3n, cada recorrido es de grupos m\u00e1ximos de 20 personas, que permitir\u00e1 vivir y disfrutar el recorrido, as\u00ed como nadar en nuestro Cenote de aguas poco profundas, en un ambiente de exclusividad TIPS: -Zapatos o sandalias para agua -Toallas -Repelente y bloqueador Biodegradable \u2013 No se permite Introducir: Alimentos y Bebidas - Si se requiere transportaci\u00f3n, la salida es desde la ciudad de Valladolid\" \/>\n<meta property=\"og:url\" content=\"https:\/\/lavendi.xyz\/zazil\/reservaciones\/noches-de-xibalba\/\" \/>\n<meta property=\"og:site_name\" content=\"Zazil Tunich - Cenote mas Premiado de Yucat\u00e1n\" \/>\n<meta property=\"article:modified_time\" content=\"2025-08-14T20:34:20+00:00\" \/>\n<meta property=\"og:image\" content=\"https:\/\/lavendi.xyz\/zazil\/wp-content\/uploads\/2025\/01\/pedida3-908x1024.png\" \/>\n\t<meta property=\"og:image:width\" content=\"908\" \/>\n\t<meta property=\"og:image:height\" content=\"1024\" \/>\n\t<meta property=\"og:image:type\" content=\"image\/png\" \/>\n<meta name=\"twitter:card\" content=\"summary_large_image\" \/>\n<meta name=\"twitter:label1\" content=\"Tiempo de lectura\" \/>\n\t<meta name=\"twitter:data1\" content=\"1 minuto\" \/>\n<script type=\"application\/ld+json\" class=\"yoast-schema-graph\">{\"@context\":\"https:\/\/schema.org\",\"@graph\":[{\"@type\":\"WebPage\",\"@id\":\"https:\/\/lavendi.xyz\/zazil\/reservaciones\/noches-de-xibalba\/\",\"url\":\"https:\/\/lavendi.xyz\/zazil\/reservaciones\/noches-de-xibalba\/\",\"name\":\"Xibalb\u00e1 con comida - Zazil Tunich - Cenote mas Premiado de Yucat\u00e1n\",\"isPartOf\":{\"@id\":\"https:\/\/lavendi.xyz\/zazil\/#website\"},\"primaryImageOfPage\":{\"@id\":\"https:\/\/lavendi.xyz\/zazil\/reservaciones\/noches-de-xibalba\/#primaryimage\"},\"image\":{\"@id\":\"https:\/\/lavendi.xyz\/zazil\/reservaciones\/noches-de-xibalba\/#primaryimage\"},\"thumbnailUrl\":\"https:\/\/lavendi.xyz\/zazil\/wp-content\/uploads\/2025\/01\/pedida3.png\",\"datePublished\":\"2020-12-20T11:15:34+00:00\",\"dateModified\":\"2025-08-14T20:34:20+00:00\",\"breadcrumb\":{\"@id\":\"https:\/\/lavendi.xyz\/zazil\/reservaciones\/noches-de-xibalba\/#breadcrumb\"},\"inLanguage\":\"es\",\"potentialAction\":[{\"@type\":\"ReadAction\",\"target\":[\"https:\/\/lavendi.xyz\/zazil\/reservaciones\/noches-de-xibalba\/\"]}]},{\"@type\":\"ImageObject\",\"inLanguage\":\"es\",\"@id\":\"https:\/\/lavendi.xyz\/zazil\/reservaciones\/noches-de-xibalba\/#primaryimage\",\"url\":\"https:\/\/lavendi.xyz\/zazil\/wp-content\/uploads\/2025\/01\/pedida3.png\",\"contentUrl\":\"https:\/\/lavendi.xyz\/zazil\/wp-content\/uploads\/2025\/01\/pedida3.png\",\"width\":1596,\"height\":1800},{\"@type\":\"BreadcrumbList\",\"@id\":\"https:\/\/lavendi.xyz\/zazil\/reservaciones\/noches-de-xibalba\/#breadcrumb\",\"itemListElement\":[{\"@type\":\"ListItem\",\"position\":1,\"name\":\"Inicio\",\"item\":\"https:\/\/lavendi.xyz\/zazil\/\"},{\"@type\":\"ListItem\",\"position\":2,\"name\":\"Reservaciones\",\"item\":\"https:\/\/lavendi.xyz\/zazil\/reservaciones\/\"},{\"@type\":\"ListItem\",\"position\":3,\"name\":\"Xibalb\u00e1 con comida\"}]},{\"@type\":\"WebSite\",\"@id\":\"https:\/\/lavendi.xyz\/zazil\/#website\",\"url\":\"https:\/\/lavendi.xyz\/zazil\/\",\"name\":\"Zazil Tunich - Cenote mas Premiado de Yucat\u00e1n\",\"description\":\"Cenote en Valladolid, Zazil Tunich el \u00fanico Cenote Museo de M\u00e9xico y m\u00e1s premiado de Yucat\u00e1n, donde conocer\u00e1s la estalactita mas grande de Yucatan, una experiencia \u00fanica sin turismo masivo.\",\"publisher\":{\"@id\":\"https:\/\/lavendi.xyz\/zazil\/#organization\"},\"potentialAction\":[{\"@type\":\"SearchAction\",\"target\":{\"@type\":\"EntryPoint\",\"urlTemplate\":\"https:\/\/lavendi.xyz\/zazil\/?s={search_term_string}\"},\"query-input\":{\"@type\":\"PropertyValueSpecification\",\"valueRequired\":true,\"valueName\":\"search_term_string\"}}],\"inLanguage\":\"es\"},{\"@type\":\"Organization\",\"@id\":\"https:\/\/lavendi.xyz\/zazil\/#organization\",\"name\":\"Zazil Tunich - Cenote mas Premiado de Yucat\u00e1n\",\"url\":\"https:\/\/lavendi.xyz\/zazil\/\",\"logo\":{\"@type\":\"ImageObject\",\"inLanguage\":\"es\",\"@id\":\"https:\/\/lavendi.xyz\/zazil\/#\/schema\/logo\/image\/\",\"url\":\"https:\/\/lavendi.xyz\/zazil\/wp-content\/uploads\/2024\/10\/2.png\",\"contentUrl\":\"https:\/\/lavendi.xyz\/zazil\/wp-content\/uploads\/2024\/10\/2.png\",\"width\":4000,\"height\":4000,\"caption\":\"Zazil Tunich - Cenote mas Premiado de Yucat\u00e1n\"},\"image\":{\"@id\":\"https:\/\/lavendi.xyz\/zazil\/#\/schema\/logo\/image\/\"}}]}<\/script>\n<!-- \/ Yoast SEO Premium plugin. -->","yoast_head_json":{"title":"Xibalb\u00e1 con comida - Zazil Tunich - Cenote mas Premiado de Yucat\u00e1n","robots":{"index":"index","follow":"follow","max-snippet":"max-snippet:-1","max-image-preview":"max-image-preview:large","max-video-preview":"max-video-preview:-1"},"canonical":"https:\/\/lavendi.xyz\/zazil\/reservaciones\/noches-de-xibalba\/","og_locale":"es_MX","og_type":"article","og_title":"Xibalb\u00e1 con comida","og_description":"Recorrido todos los d\u00edas en los horarios: 15:00 hr, 17:00 hr y 19:00 hr.  Recorrido con COMIDA INCLUIDA Para vivir la Experiencia los EXPLORADORES deben realizar su reservaci\u00f3n, cada recorrido es de grupos m\u00e1ximos de 20 personas, que permitir\u00e1 vivir y disfrutar el recorrido, as\u00ed como nadar en nuestro Cenote de aguas poco profundas, en un ambiente de exclusividad TIPS: -Zapatos o sandalias para agua -Toallas -Repelente y bloqueador Biodegradable \u2013 No se permite Introducir: Alimentos y Bebidas - Si se requiere transportaci\u00f3n, la salida es desde la ciudad de Valladolid","og_url":"https:\/\/lavendi.xyz\/zazil\/reservaciones\/noches-de-xibalba\/","og_site_name":"Zazil Tunich - Cenote mas Premiado de Yucat\u00e1n","article_modified_time":"2025-08-14T20:34:20+00:00","og_image":[{"width":908,"height":1024,"url":"https:\/\/lavendi.xyz\/zazil\/wp-content\/uploads\/2025\/01\/pedida3-908x1024.png","type":"image\/png"}],"twitter_card":"summary_large_image","twitter_misc":{"Tiempo de lectura":"1 minuto"},"schema":{"@context":"https:\/\/schema.org","@graph":[{"@type":"WebPage","@id":"https:\/\/lavendi.xyz\/zazil\/reservaciones\/noches-de-xibalba\/","url":"https:\/\/lavendi.xyz\/zazil\/reservaciones\/noches-de-xibalba\/","name":"Xibalb\u00e1 con comida - Zazil Tunich - Cenote mas Premiado de Yucat\u00e1n","isPartOf":{"@id":"https:\/\/lavendi.xyz\/zazil\/#website"},"primaryImageOfPage":{"@id":"https:\/\/lavendi.xyz\/zazil\/reservaciones\/noches-de-xibalba\/#primaryimage"},"image":{"@id":"https:\/\/lavendi.xyz\/zazil\/reservaciones\/noches-de-xibalba\/#primaryimage"},"thumbnailUrl":"https:\/\/lavendi.xyz\/zazil\/wp-content\/uploads\/2025\/01\/pedida3.png","datePublished":"2020-12-20T11:15:34+00:00","dateModified":"2025-08-14T20:34:20+00:00","breadcrumb":{"@id":"https:\/\/lavendi.xyz\/zazil\/reservaciones\/noches-de-xibalba\/#breadcrumb"},"inLanguage":"es","potentialAction":[{"@type":"ReadAction","target":["https:\/\/lavendi.xyz\/zazil\/reservaciones\/noches-de-xibalba\/"]}]},{"@type":"ImageObject","inLanguage":"es","@id":"https:\/\/lavendi.xyz\/zazil\/reservaciones\/noches-de-xibalba\/#primaryimage","url":"https:\/\/lavendi.xyz\/zazil\/wp-content\/uploads\/2025\/01\/pedida3.png","contentUrl":"https:\/\/lavendi.xyz\/zazil\/wp-content\/uploads\/2025\/01\/pedida3.png","width":1596,"height":1800},{"@type":"BreadcrumbList","@id":"https:\/\/lavendi.xyz\/zazil\/reservaciones\/noches-de-xibalba\/#breadcrumb","itemListElement":[{"@type":"ListItem","position":1,"name":"Inicio","item":"https:\/\/lavendi.xyz\/zazil\/"},{"@type":"ListItem","position":2,"name":"Reservaciones","item":"https:\/\/lavendi.xyz\/zazil\/reservaciones\/"},{"@type":"ListItem","position":3,"name":"Xibalb\u00e1 con comida"}]},{"@type":"WebSite","@id":"https:\/\/lavendi.xyz\/zazil\/#website","url":"https:\/\/lavendi.xyz\/zazil\/","name":"Zazil Tunich - Cenote mas Premiado de Yucat\u00e1n","description":"Cenote en Valladolid, Zazil Tunich el \u00fanico Cenote Museo de M\u00e9xico y m\u00e1s premiado de Yucat\u00e1n, donde conocer\u00e1s la estalactita mas grande de Yucatan, una experiencia \u00fanica sin turismo masivo.","publisher":{"@id":"https:\/\/lavendi.xyz\/zazil\/#organization"},"potentialAction":[{"@type":"SearchAction","target":{"@type":"EntryPoint","urlTemplate":"https:\/\/lavendi.xyz\/zazil\/?s={search_term_string}"},"query-input":{"@type":"PropertyValueSpecification","valueRequired":true,"valueName":"search_term_string"}}],"inLanguage":"es"},{"@type":"Organization","@id":"https:\/\/lavendi.xyz\/zazil\/#organization","name":"Zazil Tunich - Cenote mas Premiado de Yucat\u00e1n","url":"https:\/\/lavendi.xyz\/zazil\/","logo":{"@type":"ImageObject","inLanguage":"es","@id":"https:\/\/lavendi.xyz\/zazil\/#\/schema\/logo\/image\/","url":"https:\/\/lavendi.xyz\/zazil\/wp-content\/uploads\/2024\/10\/2.png","contentUrl":"https:\/\/lavendi.xyz\/zazil\/wp-content\/uploads\/2024\/10\/2.png","width":4000,"height":4000,"caption":"Zazil Tunich - Cenote mas Premiado de Yucat\u00e1n"},"image":{"@id":"https:\/\/lavendi.xyz\/zazil\/#\/schema\/logo\/image\/"}}]}},"taxonomy_info":{"product_cat":[{"value":26,"label":"Experiencias"}]},"featured_image_src_large":["https:\/\/lavendi.xyz\/zazil\/wp-content\/uploads\/2025\/01\/pedida3-908x1024.png",800,902,true],"author_info":[],"comment_info":0,"_links":{"self":[{"href":"https:\/\/lavendi.xyz\/zazil\/wp-json\/wp\/v2\/product\/23060"}],"collection":[{"href":"https:\/\/lavendi.xyz\/zazil\/wp-json\/wp\/v2\/product"}],"about":[{"href":"https:\/\/lavendi.xyz\/zazil\/wp-json\/wp\/v2\/types\/product"}],"replies":[{"embeddable":true,"href":"https:\/\/lavendi.xyz\/zazil\/wp-json\/wp\/v2\/comments?post=23060"}],"wp:featuredmedia":[{"embeddable":true,"href":"https:\/\/lavendi.xyz\/zazil\/wp-json\/wp\/v2\/media\/39838"}],"wp:attachment":[{"href":"https:\/\/lavendi.xyz\/zazil\/wp-json\/wp\/v2\/media?parent=23060"}],"wp:term":[{"taxonomy":"product_brand","embeddable":true,"href":"https:\/\/lavendi.xyz\/zazil\/wp-json\/wp\/v2\/product_brand?post=23060"},{"taxonomy":"product_cat","embeddable":true,"href":"https:\/\/lavendi.xyz\/zazil\/wp-json\/wp\/v2\/product_cat?post=23060"},{"taxonomy":"product_tag","embeddable":true,"href":"https:\/\/lavendi.xyz\/zazil\/wp-json\/wp\/v2\/product_tag?post=23060"}],"curies":[{"name":"wp","href":"https:\/\/api.w.org\/{rel}","templated":true}]}}